{"id":75,"date":"2017-10-19T21:22:31","date_gmt":"2017-10-19T20:22:31","guid":{"rendered":"http:\/\/www.dafra.sk\/?page_id=75"},"modified":"2019-04-25T18:54:06","modified_gmt":"2019-04-25T17:54:06","slug":"internet","status":"publish","type":"page","link":"https:\/\/www.dafra.sk\/?page_id=75","title":{"rendered":"INTERNET"},"content":{"rendered":"<p>Dnes je internet ve\u013emi d\u00f4le\u017eit\u00fd , preto V\u00e1m vieme zabezpe\u010di\u0165\u00a0predaj a\u00a0mont\u00e1\u017e internetu.<\/p>\n<p>&nbsp;<\/p>\n<p>&nbsp;<\/p>\n<p>&nbsp;<\/p>\n<p>Zabezpe\u010dujeme predaj a\u00a0mont\u00e1\u017e vysokor\u00fdchlostn\u00e9ho internetu od spolo\u010dnosti SWAN ktor\u00fd je \u0161\u00edren\u00fd bezdr\u00f4tovo \u010di\u017ee nie je nutn\u00e9 ma\u0165 ak\u00e9ko\u013evek k\u00e1blov\u00e9 pripojenie napr.telekom a\u00a0pod.<\/p>\n<p>V\u00a0ponuke je TO.doma S\u00a012\/1Mbit\/s za 9,99.-\u20ac<\/p>\n<p>TO.doma M\u00a025\/2 Mbit\/s za 14,99.-\u20ac<\/p>\n<p>TO.doma L\u00a070\/5Mbit\/s za 19,99.-\u20ac<\/p>\n<p>&nbsp;<\/p>\n","protected":false},"excerpt":{"rendered":"<p>Dnes je internet ve\u013emi d\u00f4le\u017eit\u00fd , preto V\u00e1m vieme zabezpe\u010di\u0165\u00a0predaj a\u00a0mont\u00e1\u017e internetu. &nbsp; &nbsp; &nbsp; Zabezpe\u010dujeme predaj a\u00a0mont\u00e1\u017e vysokor\u00fdchlostn\u00e9ho internetu od spolo\u010dnosti SWAN ktor\u00fd je \u0161\u00edren\u00fd bezdr\u00f4tovo \u010di\u017ee nie je nutn\u00e9 ma\u0165 ak\u00e9ko\u013evek k\u00e1blov\u00e9 pripojenie napr.telekom a\u00a0pod. V\u00a0ponuke je TO.doma S\u00a012\/1Mbit\/s za 9,99.-\u20ac TO.doma M\u00a025\/2&#8230;<\/p>\n","protected":false},"author":1,"featured_media":0,"parent":0,"menu_order":0,"comment_status":"closed","ping_status":"closed","template":"","meta":{"footnotes":""},"_links":{"self":[{"href":"https:\/\/www.dafra.sk\/index.php?rest_route=\/wp\/v2\/pages\/75"}],"collection":[{"href":"https:\/\/www.dafra.sk\/index.php?rest_route=\/wp\/v2\/pages"}],"about":[{"href":"https:\/\/www.dafra.sk\/index.php?rest_route=\/wp\/v2\/types\/page"}],"author":[{"embeddable":true,"href":"https:\/\/www.dafra.sk\/index.php?rest_route=\/wp\/v2\/users\/1"}],"replies":[{"embeddable":true,"href":"https:\/\/www.dafra.sk\/index.php?rest_route=%2Fwp%2Fv2%2Fcomments&post=75"}],"version-history":[{"count":3,"href":"https:\/\/www.dafra.sk\/index.php?rest_route=\/wp\/v2\/pages\/75\/revisions"}],"predecessor-version":[{"id":142,"href":"https:\/\/www.dafra.sk\/index.php?rest_route=\/wp\/v2\/pages\/75\/revisions\/142"}],"wp:attachment":[{"href":"https:\/\/www.dafra.sk\/index.php?rest_route=%2Fwp%2Fv2%2Fmedia&parent=75"}],"curies":[{"name":"wp","href":"https:\/\/api.w.org\/{rel}","templated":true}]}}

<p>Dnes je internet veľmi dôležitý , preto Vám vieme zabezpečiť predaj a montáž internetu.</p>
<p>&nbsp;</p>
<p>&nbsp;</p>
<p>&nbsp;</p>
<p>Zabezpečujeme predaj a montáž vysokorýchlostného internetu od spoločnosti SWAN ktorý je šírený bezdrôtovo čiže nie je nutné mať akékoľvek káblové pripojenie napr.telekom a pod.</p>
<p>V ponuke je TO.doma S 12/1Mbit/s za 9,99.-€</p>
<p>TO.doma M 25/2 Mbit/s za 14,99.-€</p>
<p>TO.doma L 70/5Mbit/s za 19,99.-€</p>
<p>&nbsp;</p>

<p>Dnes je internet veľmi dôležitý , preto Vám vieme zabezpečiť predaj a montáž internetu. &nbsp; &nbsp; &nbsp; Zabezpečujeme predaj a montáž vysokorýchlostného internetu od spoločnosti SWAN ktorý je šírený bezdrôtovo čiže nie je nutné mať akékoľvek káblové pripojenie napr.telekom a pod. V ponuke je TO.doma S 12/1Mbit/s za 9,99.-€ TO.doma M 25/2&#8230;</p>
